{"id":1445,"date":"2024-07-22T01:26:39","date_gmt":"2024-07-22T04:26:39","guid":{"rendered":"https:\/\/alames.org\/quem-somos\/"},"modified":"2024-10-10T01:10:54","modified_gmt":"2024-10-10T04:10:54","slug":"quem-somos","status":"publish","type":"page","link":"https:\/\/alames.org\/pt-br\/quem-somos\/","title":{"rendered":"Quem somos"},"content":{"rendered":"<p>A Associa\u00e7\u00e3o Latino-Americana de Medicina Social (ALAMES) \u00e9 uma organiza\u00e7\u00e3o pol\u00edtica sem fins lucrativos, formada por pessoas ligadas a diferentes campos da teoria e pr\u00e1tica da Medicina Social \u2013 Sa\u00fade Coletiva na Am\u00e9rica Latina. Foi formalmente criada em 1984 durante o III Semin\u00e1rio Latino-Americano de Medicina Social, realizado em Ouro Preto, Brasil, aderindo como subsidi\u00e1ria da International Association of Health Economics (A.I.E.S). A ALAMES se une como afiliada latino-americana e caribenha da Associa\u00e7\u00e3o Internacional de Pol\u00edticas de Sa\u00fade (IAHP) e do Movimento pela Sa\u00fade dos Povos (MSP).<\/p>\n<h3>Objetivos<\/h3>\n<p>Como afirmam os signat\u00e1rios no Ato Constitutivo da ALAMES em Ouro Preto, os objetivos da associa\u00e7\u00e3o visam coerenciar e promover o pensamento da Medicina Social \u2013 Sa\u00fade Coletiva no continente, e projetar sua presen\u00e7a diante do problema de sa\u00fade global, por meio da pesquisa, do ensino, da  trabalho direto com<br \/>\ngrupos populacionais e a\u00e7\u00e3o solid\u00e1ria. Para atingir seus objetivos, a ALAMES atuar\u00e1 nas seguintes \u00e1reas:<\/p>\n<ol>\n<li>Difus\u00e3o do pensamento da Medicina Social \u2013 Sa\u00fade Coletiva e a abordagem da sa\u00fade como direito humano e social fundamental, parte do direito \u00e0 Vida, no continente latino-americano e no mundo.<\/li>\n<li>Defesa de uma posi\u00e7\u00e3o contra-hegem\u00f4nica que combata a vis\u00e3o da Sa\u00fade como mercadoria e bem individual, e o enfrentamento do capitalismo e do neoliberalismo como uma ordem global que deteriora o planeta e a dignidade humana.<\/li>\n<li>Convocar e abordar todas as pessoas ou grupos organizados que tenham participado de atividades, pesquisas, servi\u00e7os e\/ou ensino na \u00e1rea de Medicina Social \u2013 Sa\u00fade Coletiva.<\/li>\n<li>Fortalecimento te\u00f3rico e operacional da Medicina Social \u2013 Sa\u00fade Coletiva na Am\u00e9rica Latina, promovendo atividades cient\u00edficas, t\u00e9cnicas, acad\u00eamicas e de mobiliza\u00e7\u00e3o social vinculadas aos problemas sociossanit\u00e1rios da Regi\u00e3o.<\/li>\n<li>Produ\u00e7\u00e3o, sistematiza\u00e7\u00e3o e publica\u00e7\u00e3o dos avan\u00e7os no saber, no fazer e no sentir da Medicina Social \u2013 Sa\u00fade Coletiva.<\/li>\n<li>Solidariedade com l@s lutadores e perseguid@s pela defesa da sa\u00fade, do direito a uma vida digna e do planeta Terra.<\/li>\n<li>Encorajamento e ajuda para coer\u00eancia da solidariedade entre e para com os povos que lutam para melhorar as condi\u00e7\u00f5es sociais e de sa\u00fade de sua popula\u00e7\u00e3o, desde o n\u00edvel local at\u00e9 os n\u00edveis nacional, continental e global.<\/li>\n<li>Defesa dos princ\u00edpios da dignidade, soberania e respeito \u00e0s pessoas e povos, bem como da harmonia com a natureza e o pluriverso.<\/li>\n<li>Est\u00edmulo \u00e0 incorpora\u00e7\u00e3o ao debate e \u00e0 produ\u00e7\u00e3o de reflex\u00f5es oriundas dos saberes tradicionais.<\/li>\n<\/ol>\n<p><a href=\"https:\/\/alames.org\/wp-content\/uploads\/2024\/07\/estatuto.pdf\" target=\"_blank\" rel=\"noopener\">Leia o Estatuto da Alames<\/a><\/p>\n<h3 id=\"tw-target-text\" class=\"tw-data-text tw-text-large tw-ta\" dir=\"ltr\" data-placeholder=\"Tradu\u00e7\u00e3o\" aria-label=\"Texto traduzido\" data-ved=\"2ahUKEwjsgKvu5rmHAxWtq5UCHabvBJoQ3ewLegQIBxAU\"><\/h3>\n<pre id=\"tw-target-text\" class=\"tw-data-text tw-text-large tw-ta\" dir=\"ltr\" data-placeholder=\"Tradu\u00e7\u00e3o\" aria-label=\"Texto traduzido\" data-ved=\"2ahUKEwjsgKvu5rmHAxWtq5UCHabvBJoQ3ewLegQIBxAU\"><\/pre>\n","protected":false},"excerpt":{"rendered":"<p>A Associa\u00e7\u00e3o Latino-Americana de Medicina Social (ALAMES) \u00e9 uma organiza\u00e7\u00e3o pol\u00edtica sem fins lucrativos, formada por pessoas ligadas a diferentes campos da teoria e pr\u00e1tica da Medicina Social \u2013 Sa\u00fade Coletiva na Am\u00e9rica Latina. Foi formalmente criada em 1984 durante o III Semin\u00e1rio Latino-Americano de Medicina Social, realizado em Ouro Preto, Brasil, aderindo como subsidi\u00e1ria da International Association of Health Economics (A.I.E.S). A ALAMES se une como afiliada latino-americana e caribenha da Associa\u00e7\u00e3o Internacional de Pol\u00edticas de Sa\u00fade (IAHP) e do Movimento pela Sa\u00fade dos Povos (MSP). Objetivos Como afirmam os signat\u00e1rios no Ato Constitutivo da ALAMES em Ouro Preto, [&hellip;]<\/p>\n","protected":false},"author":1,"featured_media":0,"parent":0,"menu_order":0,"comment_status":"closed","ping_status":"closed","template":"","meta":{"footnotes":""},"class_list":["post-1445","page","type-page","status-publish","hentry"],"_links":{"self":[{"href":"https:\/\/alames.org\/pt-br\/wp-json\/wp\/v2\/pages\/1445","targetHints":{"allow":["GET"]}}],"collection":[{"href":"https:\/\/alames.org\/pt-br\/wp-json\/wp\/v2\/pages"}],"about":[{"href":"https:\/\/alames.org\/pt-br\/wp-json\/wp\/v2\/types\/page"}],"author":[{"embeddable":true,"href":"https:\/\/alames.org\/pt-br\/wp-json\/wp\/v2\/users\/1"}],"replies":[{"embeddable":true,"href":"https:\/\/alames.org\/pt-br\/wp-json\/wp\/v2\/comments?post=1445"}],"version-history":[{"count":4,"href":"https:\/\/alames.org\/pt-br\/wp-json\/wp\/v2\/pages\/1445\/revisions"}],"predecessor-version":[{"id":1803,"href":"https:\/\/alames.org\/pt-br\/wp-json\/wp\/v2\/pages\/1445\/revisions\/1803"}],"wp:attachment":[{"href":"https:\/\/alames.org\/pt-br\/wp-json\/wp\/v2\/media?parent=1445"}],"curies":[{"name":"wp","href":"https:\/\/api.w.org\/{rel}","templated":true}]}}

<p>A Associação Latino-Americana de Medicina Social (ALAMES) é uma organização política sem fins lucrativos, formada por pessoas ligadas a diferentes campos da teoria e prática da Medicina Social – Saúde Coletiva na América Latina. Foi formalmente criada em 1984 durante o III Seminário Latino-Americano de Medicina Social, realizado em Ouro Preto, Brasil, aderindo como subsidiária da International Association of Health Economics (A.I.E.S). A ALAMES se une como afiliada latino-americana e caribenha da Associação Internacional de Políticas de Saúde (IAHP) e do Movimento pela Saúde dos Povos (MSP).</p>
<h3>Objetivos</h3>
<p>Como afirmam os signatários no Ato Constitutivo da ALAMES em Ouro Preto, os objetivos da associação visam coerenciar e promover o pensamento da Medicina Social – Saúde Coletiva no continente, e projetar sua presença diante do problema de saúde global, por meio da pesquisa, do ensino, da  trabalho direto com<br />
grupos populacionais e ação solidária. Para atingir seus objetivos, a ALAMES atuará nas seguintes áreas:</p>
<ol>
<li>Difusão do pensamento da Medicina Social – Saúde Coletiva e a abordagem da saúde como direito humano e social fundamental, parte do direito à Vida, no continente latino-americano e no mundo.</li>
<li>Defesa de uma posição contra-hegemônica que combata a visão da Saúde como mercadoria e bem individual, e o enfrentamento do capitalismo e do neoliberalismo como uma ordem global que deteriora o planeta e a dignidade humana.</li>
<li>Convocar e abordar todas as pessoas ou grupos organizados que tenham participado de atividades, pesquisas, serviços e/ou ensino na área de Medicina Social – Saúde Coletiva.</li>
<li>Fortalecimento teórico e operacional da Medicina Social – Saúde Coletiva na América Latina, promovendo atividades científicas, técnicas, acadêmicas e de mobilização social vinculadas aos problemas sociossanitários da Região.</li>
<li>Produção, sistematização e publicação dos avanços no saber, no fazer e no sentir da Medicina Social – Saúde Coletiva.</li>
<li>Solidariedade com l@s lutadores e perseguid@s pela defesa da saúde, do direito a uma vida digna e do planeta Terra.</li>
<li>Encorajamento e ajuda para coerência da solidariedade entre e para com os povos que lutam para melhorar as condições sociais e de saúde de sua população, desde o nível local até os níveis nacional, continental e global.</li>
<li>Defesa dos princípios da dignidade, soberania e respeito às pessoas e povos, bem como da harmonia com a natureza e o pluriverso.</li>
<li>Estímulo à incorporação ao debate e à produção de reflexões oriundas dos saberes tradicionais.</li>
</ol>
<p><a href="https://alames.org/wp-content/uploads/2024/07/estatuto.pdf" target="_blank" rel="noopener">Leia o Estatuto da Alames</a></p>
<h3 id="tw-target-text" class="tw-data-text tw-text-large tw-ta" dir="ltr" data-placeholder="Tradução" aria-label="Texto traduzido" data-ved="2ahUKEwjsgKvu5rmHAxWtq5UCHabvBJoQ3ewLegQIBxAU"></h3>
<pre id="tw-target-text" class="tw-data-text tw-text-large tw-ta" dir="ltr" data-placeholder="Tradução" aria-label="Texto traduzido" data-ved="2ahUKEwjsgKvu5rmHAxWtq5UCHabvBJoQ3ewLegQIBxAU"></pre>

<p>A Associação Latino-Americana de Medicina Social (ALAMES) é uma organização política sem fins lucrativos, formada por pessoas ligadas a diferentes campos da teoria e prática da Medicina Social – Saúde Coletiva na América Latina. Foi formalmente criada em 1984 durante o III Seminário Latino-Americano de Medicina Social, realizado em Ouro Preto, Brasil, aderindo como subsidiária da International Association of Health Economics (A.I.E.S). A ALAMES se une como afiliada latino-americana e caribenha da Associação Internacional de Políticas de Saúde (IAHP) e do Movimento pela Saúde dos Povos (MSP). Objetivos Como afirmam os signatários no Ato Constitutivo da ALAMES em Ouro Preto, [&hellip;]</p>
